highest common factor of 261 and 3973?
29
What is the highest common divisor of 50 and 10?
10
Calculate the greatest common divisor of 49750 and 500.
250
What is the highest common factor of 49401 and 99?
99
What is the greatest common divisor of 4 and 38?
2
What is the highest common divisor of 1794 and 52?
26
Calculate the greatest common divisor of 1419 and 429.
33
What is the highest common factor of 252 and 27?
9
What is the highest common factor of 33 and 275?
11
Calculate the highest common factor of 85 and 15.
5
Calculate the greatest common divisor of 25 and 2550.
25
Calculate the highest common factor of 697 and 123.
41
Calculate the highest common divisor of 230 and 345.
115
What is the highest common divisor of 9 and 2439?
9
Calculate the highest common divisor of 1300 and 450.
50
Calculate the highest common divisor of 268 and 201.
67
Calculate the greatest common divisor of 108 and 12.
12
What is the greatest common divisor of 150 and 6700?
50
What is the highest common factor of 806 and 589?
31
Calculate the highest common factor of 42 and 2534.
14
What is the highest common divisor of 3864 and 1610?
322
What is the highest common factor of 31 and 1054?
31
What is the greatest common divisor of 41 and 615?
41
What is the highest common divisor of 50 and 100?
50
Calculate the highest common divisor of 63 and 93.
3
Calculate the highest common factor of 1240 and 200.
40
What is the highest common factor of 135 and 7020?
135
What is the greatest common divisor of 31 and 62?
31
Calculate the highest common divisor of 7089 and 357.
51
Calculate the greatest common factor of 2 and 6.
2
Calculate the greatest common divisor of 64 and 304.
16
Calculate the greatest common divisor of 7546 and 22.
22
What is the highest common divisor of 483 and 21?
21
Calculate the highest common divisor of 47 and 5264.
47
Calculate the greatest common divisor of 52 and 182.
26
What is the highest common factor of 121 and 26?
1
What is the highest common factor of 26543 and 38?
19
Calculate the highest common factor of 140 and 168.
28
What is the highest common divisor of 374 and 34?
34
Calculate the greatest common factor of 72 and 312.
24
What is the highest common factor of 2088 and 360?
72
What is the highest common divisor of 12 and 12?
12
Calculate the greatest common factor of 16 and 10.
2
Calculate the highest common divisor of 2296 and 7.
7
Calculate the greatest common factor of 19 and 13.
1
Calculate the greatest common divisor of 56 and 2152.
8
What is the highest common divisor of 141 and 94?
47
What is the highest common divisor of 123 and 205?
41
Calculate the highest common factor of 1140 and 53960.
380
What is the highest common divisor of 66 and 24?
6
What is the greatest common divisor of 4 and 1028?
4
What is the highest common factor of 404 and 4?
4
Calculate the greatest common divisor of 546 and 42.
42
Calculate the greatest common factor of 2363 and 17.
17
Calculate the greatest common divisor of 136 and 51.
17
What is the greatest common factor of 4 and 432?
4
What is the greatest common factor of 549 and 2989?
61
What is the highest common factor of 29544 and 6?
6
What is the greatest common factor of 8 and 4904?
8
What is the greatest common divisor of 426 and 7100?
142
Calculate the greatest common factor of 22 and 341.
11
What is the greatest common factor of 62 and 31558?
62
What is the highest common divisor of 39 and 507?
39
What is the greatest common divisor of 130 and 39?
13
Calculate the greatest common divisor of 66 and 2112.
66
Calculate the highest common divisor of 791 and 2712.
113
Calculate the highest common factor of 1113 and 56.
7
Calculate the highest common divisor of 301 and 258.
43
Calculate the greatest common factor of 40 and 25.
5
What is the greatest common factor of 959 and 274?
137
Calculate the highest common divisor of 27 and 729.
27
What is the highest common divisor of 273 and 351?
39
Calculate the greatest common divisor of 195 and 312.
39
Calculate the highest common divisor of 5 and 35.
5
Calculate the highest common divisor of 138 and 391.
23
Calculate the greatest common divisor of 374 and 391.
17
Calculate the greatest common divisor of 376 and 3666.
94
What is the greatest common divisor of 1963 and 26?
13
Calculate the highest common divisor of 1970 and 10.
10
What is the greatest common divisor of 526 and 4?
2
What is the greatest common divisor of 1168 and 3?
1
Calculate the highest common factor of 72 and 276.
12
Calculate the highest common factor of 170 and 50.
10
Calculate the greatest common factor of 145 and 15.
5
Calculate the greatest common divisor of 533 and 39.
13
What is the greatest common factor of 400 and 48?
16
Calculate the greatest common factor of 348 and 1218.
174
What is the greatest common divisor of 300 and 188?
4
Calculate the greatest common divisor of 123 and 48.
3
What is the highest common factor of 5073 and 534?
267
What is the greatest common divisor of 874 and 138?
46
Calculate the highest common factor of 75 and 3.
3
Calculate the greatest common factor of 944 and 32.
16
What is the greatest common factor of 150 and 250?
50
What is the highest common factor of 1698 and 24?
6
What is the highest common factor of 24 and 12936?
24
Calculate the highest common factor of 42 and 434.
14
What is the highest common divisor of 44 and 1034?
22
Calculate the greatest common divisor of 25215 and 15.
15
Calculate the greatest common divisor of 35 and 14.
7
Calculate the greatest common factor of 56 and 42.
14
What is the greatest common factor of 25 and 385?
5
What is the highest common factor of 108 and 1404?
108
What is the greatest common divisor of 462 and 7896?
42
Calculate the highest common factor of 672 and 588.
84
Calculate the greatest common factor of 108 and 396.
36
Calculate the highest common divisor of 532 and 304.
76
Calculate the highest common divisor of 13 and 26.
13
Calculate the highest common divisor of 84 and 47334.
42
What is the greatest common divisor of 54 and 396?
18
Calculate the greatest common divisor of 112 and 252.
28
Calculate the greatest common divisor of 13 and 10.
1
Calculate the highest common divisor of 80 and 195.
5
What is the greatest common factor of 7 and 5?
1
What is the highest common factor of 144 and 1224?
72
Calculate the highest common factor of 642 and 12.
6
Calculate the greatest common divisor of 1 and 11.
1
What is the greatest common divisor of 350 and 4050?
50
What is the greatest common divisor of 56 and 79324?
28
What is the highest common divisor of 410 and 20?
10
Calculate the greatest common divisor of 34 and 34.
34
Calculate the highest common divisor of 98 and 8134.
98
Calculate the highest common factor of 918 and 3429.
27
What is the highest common factor of 186 and 12?
6
Calculate the greatest common factor of 2717 and 418.
209
What is the highest common divisor of 238 and 378?
14
What is the highest common factor of 243 and 1161?
27
What is the highest common factor of 40 and 50?
10
Calculate the greatest common factor of 88 and 77.
11
Calculate the greatest common factor of 117 and 6981.
39
What is the highest common divisor of 1903 and 1384?
173
Calculate the highest common factor of 1241 and 527.
17
Calculate the highest common factor of 9368 and 16.
8
What is the highest common divisor of 84 and 36?
12
What is the greatest common factor of 496 and 32?
16
Calculate the greatest common factor of 336 and 10368.
48
Calculate the greatest common divisor of 8 and 2152.
8
What is the highest common factor of 36 and 576?
36
What is the highest common divisor of 12264 and 168?
168
Calculate the highest common factor of 18 and 3852.
18
What is the greatest common factor of 4004 and 462?
154
Calculate the highest common divisor of 5251 and 89.
89
What is the greatest common divisor of 400 and 120?
40
Calculate the highest common factor of 25 and 1595.
5
What is the highest common factor of 553 and 7?
7
Calculate the greatest common factor of 45 and 85.
5
Calculate the highest common divisor of 258 and 6.
6
What is the greatest common factor of 38 and 247?
19
Calculate the highest common divisor of 9 and 441.
9
Calculate the greatest common factor of 75 and 975.
75
What is the greatest common factor of 4